{"id":4239,"date":"2023-06-30T02:55:41","date_gmt":"2023-06-30T02:55:41","guid":{"rendered":"https:\/\/www.adsmethod.com\/demolar\/belediye\/3\/?page_id=4239"},"modified":"2023-06-30T02:55:41","modified_gmt":"2023-06-30T02:55:41","slug":"events-filter","status":"publish","type":"page","link":"https:\/\/www.adsmethod.com\/demolar\/belediye\/3\/events-filter\/","title":{"rendered":"Events Filter"},"content":{"rendered":"\t\t<div data-elementor-type=\"wp-page\" data-elementor-id=\"4239\" class=\"elementor elementor-4239\">\n\t\t\t\t\t\t<section class=\"elementor-section elementor-top-section elementor-element elementor-element-15d44fb elementor-section-boxed elementor-section-height-default elementor-section-height-default\" data-id=\"15d44fb\" data-element_type=\"section\">\n\t\t\t\t\t\t<div class=\"elementor-container elementor-column-gap-default\">\n\t\t\t\t\t<div class=\"elementor-column elementor-col-100 elementor-top-column elementor-element elementor-element-1b9ef71\" data-id=\"1b9ef71\" data-element_type=\"column\">\n\t\t\t<div class=\"elementor-widget-wrap elementor-element-populated\">\n\t\t\t\t\t\t<div class=\"elementor-element elementor-element-21ea818 elementor-widget elementor-widget-gimont_elementor_heading\" data-id=\"21ea818\" data-element_type=\"widget\" data-widget_type=\"gimont_elementor_heading.default\">\n\t\t\t\t<div class=\"elementor-widget-container\">\n\t\t\t\n\t\t\t<div class=\"ova-heading template_1\">\n\t\t\t\t\t\t\t\t\n\t\t\t\t\t\t\t\t\t\t\t\t\t\t\t<h2 class=\"title\">Event Filter Element<\/h2>\n\t\t\t\t\t\t\t\t\t\t\n\t\t\t\t\t\t\t\t\n\t\t\t\t\n\t\t\t<\/div>\n\n\t\t\t\t<\/div>\n\t\t\t\t<\/div>\n\t\t\t\t<div class=\"elementor-element elementor-element-d31d181 elementor-widget elementor-widget-ova_events_ajax\" data-id=\"d31d181\" data-element_type=\"widget\" data-widget_type=\"ova_events_ajax.default\">\n\t\t\t\t<div class=\"elementor-widget-container\">\n\t\t\t\n\t<div class=\"ovapo_project_grid full_width\">\n\t\t\n\t\t\t\t\t<div class=\"button-filter container\">\n\t\t\t\t\t\t\t\t\t<button \n\t\t\t\t\t\tdata-filter=\"all\" \n\t\t\t\t\t\tdata-order=\"DESC\" \n\t\t\t\t\t\tdata-orderby=\"date\" \n\t\t\t\t\t\tdata-first_term=\"\" \n\t\t\t\t\t\tdata-term_id_filter_string=\"\" \n\t\t\t\t\t\tdata-number_post=\"9\" \n\t\t\t\t\t\tdata-layout='1' \n\t\t\t\t\t\tdata-show_featured=\"no\"\n\t\t\t\t\t\tdata-args_show=\"{&quot;show_thumbnail&quot;:&quot;yes&quot;,&quot;show_date&quot;:&quot;yes&quot;,&quot;show_hour&quot;:&quot;yes&quot;,&quot;show_location&quot;:&quot;yes&quot;,&quot;show_title&quot;:&quot;yes&quot;,&quot;show_short_desc&quot;:&quot;yes&quot;,&quot;show_link_to&quot;:&quot;yes&quot;}\"\n\t\t\t\t\t>\n\t\t\t\t\t\tAll\t\t\t\t\t<\/button>\n\t\t\t\t\n\t\t\t\t\t\t\t<\/div>\n\t\t\t\t\n\t\t<div class=\"content ovapo_project_slide\">\n\t\t\t<div class=\"items grid owl-carousel\" data-owl=\"{&quot;items&quot;:3,&quot;slideBy&quot;:1,&quot;margin&quot;:30,&quot;dots&quot;:false,&quot;nav&quot;:true,&quot;autoplay&quot;:false,&quot;autoplayTimeout&quot;:5000,&quot;loop&quot;:false,&quot;lazyLoad&quot;:true,&quot;rtl&quot;:false,&quot;mouseDrag&quot;:true,&quot;navText&quot;:[&quot;&lt;i class=\\&quot;arrow_carrot-left\\&quot;&gt;&lt;\\\/i&gt;&quot;,&quot;&lt;i class=\\&quot;arrow_carrot-right\\&quot;&gt;&lt;\\\/i&gt;&quot;],&quot;responsive&quot;:{&quot;0&quot;:{&quot;items&quot;:1},&quot;768&quot;:{&quot;items&quot;:2},&quot;1024&quot;:{&quot;items&quot;:3}}}\">\n\t\t\t\t\n<div class=\"ovaev-content\">\n\t<div class=\"type1\">\n\n\t\t<div class=\"desc\">\n\t\t\t\n\t<div class=\"event-thumbnail \">\t\n\n\t\t\n<div class=\"date-event\">\n\t<span class=\"date\">22<\/span>\n\t<span class=\"month\">Kas<\/span>\n<\/div>\n\n\n\t\t\t\t<a href=\"https:\/\/www.adsmethod.com\/demolar\/belediye\/3\/event\/yerel-el-sanatlari-fuari\/\" aria-label=\"Event Thumbnail\">\n\t\t\t\t\t<img fetchpriority=\"high\" decoding=\"async\" width=\"600\" height=\"400\" src=\"https:\/\/www.adsmethod.com\/demolar\/belediye\/3\/wp-content\/uploads\/2023\/06\/pexels-patrick-nizan-115343504-11628533-1-600x400.webp\" class=\"attachment-ovaev_event_thumbnail size-ovaev_event_thumbnail wp-post-image\" alt=\"\" srcset=\"https:\/\/www.adsmethod.com\/demolar\/belediye\/3\/wp-content\/uploads\/2023\/06\/pexels-patrick-nizan-115343504-11628533-1-600x400.webp 600w, https:\/\/www.adsmethod.com\/demolar\/belediye\/3\/wp-content\/uploads\/2023\/06\/pexels-patrick-nizan-115343504-11628533-1-450x300.webp 450w\" sizes=\"(max-width: 600px) 100vw, 600px\" \/>\t\t\t\t<\/a>\n\t\t\n\t<\/div>\n\n\t\t\t<div class=\"event_post\">\n\n\t\t\t\t\t                <div class=\"meta-event\">\n\t\t\t\t\t    \n<div class=\"time equal-date\">\n\t\n\t<span class=\"icon-time\">\n\t\t<i class=\"fas fa-clock icon_event\" aria-hidden=\"true\"><\/i>\n\t<\/span>\n\t\t  \n\t\t\t<span class=\"time-date-child\">\n\t\t\t<span class=\"date-child\">\n\t\t\t\t09:00 - 16:00\t\t\t<\/span>\n\t\t<\/span>\n\t\n<\/div>\n\t\t\t\t\t    \n\t<div class=\"venue\">\n\t\t<i class=\"fas fa-map-marker-alt icon_event\" aria-hidden=\"true\"><\/i>\n\t\t<span class=\"number\">Y\u0131ld\u0131zk\u00f6y, Serin\u015fehir<\/span>\n\t<\/div>\n\t                <\/div>\t\n\t            \n                \n<h2 class=\"second_font event_title\">\n\t    <a href=\"https:\/\/www.adsmethod.com\/demolar\/belediye\/3\/event\/yerel-el-sanatlari-fuari\/\" title=\"Yerel El Sanatlar\u0131 Fuar\u0131\">\n    \t\tYerel El Sanatlar\u0131 Fuar\u0131\t\t<\/a>\n\t<\/h2>\n\t\t\t<\/div>\n\n\t\t<\/div>\n\n\t<\/div>\n<\/div>\t\t\t\t\n<div class=\"ovaev-content\">\n\t<div class=\"type1\">\n\n\t\t<div class=\"desc\">\n\t\t\t\n\t<div class=\"event-thumbnail \">\t\n\n\t\t\n<div class=\"date-event\">\n\t<span class=\"date\">21<\/span>\n\t<span class=\"month\">Eyl<\/span>\n<\/div>\n\n\n\t\t\t\t<a href=\"https:\/\/www.adsmethod.com\/demolar\/belediye\/3\/event\/yildizkoy-bahar-festivali\/\" aria-label=\"Event Thumbnail\">\n\t\t\t\t\t<img decoding=\"async\" width=\"600\" height=\"400\" src=\"https:\/\/www.adsmethod.com\/demolar\/belediye\/3\/wp-content\/uploads\/2023\/06\/pexels-8moments-1035342-1-600x400.webp\" class=\"attachment-ovaev_event_thumbnail size-ovaev_event_thumbnail wp-post-image\" alt=\"\" srcset=\"https:\/\/www.adsmethod.com\/demolar\/belediye\/3\/wp-content\/uploads\/2023\/06\/pexels-8moments-1035342-1-600x400.webp 600w, https:\/\/www.adsmethod.com\/demolar\/belediye\/3\/wp-content\/uploads\/2023\/06\/pexels-8moments-1035342-1-450x300.webp 450w\" sizes=\"(max-width: 600px) 100vw, 600px\" \/>\t\t\t\t<\/a>\n\t\t\n\t<\/div>\n\n\t\t\t<div class=\"event_post\">\n\n\t\t\t\t\t                <div class=\"meta-event\">\n\t\t\t\t\t    \n<div class=\"time equal-date\">\n\t\n\t<span class=\"icon-time\">\n\t\t<i class=\"fas fa-clock icon_event\" aria-hidden=\"true\"><\/i>\n\t<\/span>\n\t\t  \n\t\t\t<span class=\"time-date-child\">\n\t\t\t<span class=\"date-child\">\n\t\t\t\t07:00 - 20:00\t\t\t<\/span>\n\t\t<\/span>\n\t\n<\/div>\n\t\t\t\t\t    \n\t<div class=\"venue\">\n\t\t<i class=\"fas fa-map-marker-alt icon_event\" aria-hidden=\"true\"><\/i>\n\t\t<span class=\"number\">Y\u0131ld\u0131zk\u00f6y, Serin\u015fehir<\/span>\n\t<\/div>\n\t                <\/div>\t\n\t            \n                \n<h2 class=\"second_font event_title\">\n\t    <a href=\"https:\/\/www.adsmethod.com\/demolar\/belediye\/3\/event\/yildizkoy-bahar-festivali\/\" title=\"Y\u0131ld\u0131zk\u00f6y Bahar Festivali\">\n    \t\tY\u0131ld\u0131zk\u00f6y Bahar Festivali\t\t<\/a>\n\t<\/h2>\n\t\t\t<\/div>\n\n\t\t<\/div>\n\n\t<\/div>\n<\/div>\t\t\t\t\n<div class=\"ovaev-content\">\n\t<div class=\"type1\">\n\n\t\t<div class=\"desc\">\n\t\t\t\n\t<div class=\"event-thumbnail \">\t\n\n\t\t\n<div class=\"date-event\">\n\t<span class=\"date\">14<\/span>\n\t<span class=\"month\">Mar<\/span>\n<\/div>\n\n\n\t\t\t\t<a href=\"https:\/\/www.adsmethod.com\/demolar\/belediye\/3\/event\/film-gosterimleri\/\" aria-label=\"Event Thumbnail\">\n\t\t\t\t\t<img decoding=\"async\" width=\"600\" height=\"400\" src=\"https:\/\/www.adsmethod.com\/demolar\/belediye\/3\/wp-content\/uploads\/2023\/06\/event-03-600x400.jpg\" class=\"attachment-ovaev_event_thumbnail size-ovaev_event_thumbnail wp-post-image\" alt=\"\" srcset=\"https:\/\/www.adsmethod.com\/demolar\/belediye\/3\/wp-content\/uploads\/2023\/06\/event-03-600x400.jpg 600w, https:\/\/www.adsmethod.com\/demolar\/belediye\/3\/wp-content\/uploads\/2023\/06\/event-03-450x300.jpg 450w\" sizes=\"(max-width: 600px) 100vw, 600px\" \/>\t\t\t\t<\/a>\n\t\t\n\t<\/div>\n\n\t\t\t<div class=\"event_post\">\n\n\t\t\t\t\t                <div class=\"meta-event\">\n\t\t\t\t\t    \n<div class=\"time equal-date\">\n\t\n\t<span class=\"icon-time\">\n\t\t<i class=\"fas fa-clock icon_event\" aria-hidden=\"true\"><\/i>\n\t<\/span>\n\t\t  \n\t\t\t<span class=\"time-date-child\">\n\t\t\t<span class=\"date-child\">\n\t\t\t\tThu\t\t\t<\/span>\n\t\t\t<span>08:00<\/span>\n\t\t<\/span>\n\t\n<\/div>\n\t\t\t\t\t    \n\t<div class=\"venue\">\n\t\t<i class=\"fas fa-map-marker-alt icon_event\" aria-hidden=\"true\"><\/i>\n\t\t<span class=\"number\">8 Street, San Marcos London, UK<\/span>\n\t<\/div>\n\t                <\/div>\t\n\t            \n                \n<h2 class=\"second_font event_title\">\n\t    <a href=\"https:\/\/www.adsmethod.com\/demolar\/belediye\/3\/event\/film-gosterimleri\/\" title=\"Film G\u00f6sterimleri\">\n    \t\tFilm G\u00f6sterimleri\t\t<\/a>\n\t<\/h2>\n\t\t\t<\/div>\n\n\t\t<\/div>\n\n\t<\/div>\n<\/div>\t\t\t\t\n<div class=\"ovaev-content\">\n\t<div class=\"type1\">\n\n\t\t<div class=\"desc\">\n\t\t\t\n\t<div class=\"event-thumbnail \">\t\n\n\t\t\n<div class=\"date-event\">\n\t<span class=\"date\">16<\/span>\n\t<span class=\"month\">A\u011fu<\/span>\n<\/div>\n\n\n\t\t\t\t<a href=\"https:\/\/www.adsmethod.com\/demolar\/belediye\/3\/event\/doga-yuruyusleri\/\" aria-label=\"Event Thumbnail\">\n\t\t\t\t\t<img loading=\"lazy\" decoding=\"async\" width=\"600\" height=\"400\" src=\"https:\/\/www.adsmethod.com\/demolar\/belediye\/3\/wp-content\/uploads\/2023\/06\/event-04-600x400.jpg\" class=\"attachment-ovaev_event_thumbnail size-ovaev_event_thumbnail wp-post-image\" alt=\"\" srcset=\"https:\/\/www.adsmethod.com\/demolar\/belediye\/3\/wp-content\/uploads\/2023\/06\/event-04-600x400.jpg 600w, https:\/\/www.adsmethod.com\/demolar\/belediye\/3\/wp-content\/uploads\/2023\/06\/event-04-450x300.jpg 450w\" sizes=\"(max-width: 600px) 100vw, 600px\" \/>\t\t\t\t<\/a>\n\t\t\n\t<\/div>\n\n\t\t\t<div class=\"event_post\">\n\n\t\t\t\t\t                <div class=\"meta-event\">\n\t\t\t\t\t    \n<div class=\"time equal-date\">\n\t\n\t<span class=\"icon-time\">\n\t\t<i class=\"fas fa-clock icon_event\" aria-hidden=\"true\"><\/i>\n\t<\/span>\n\t\t  \n\t\t\t<span class=\"time-date-child\">\n\t\t\t<span class=\"date-child\">\n\t\t\t\t07:00 - 15:00\t\t\t<\/span>\n\t\t<\/span>\n\t\n<\/div>\n\t\t\t\t\t    \n\t<div class=\"venue\">\n\t\t<i class=\"fas fa-map-marker-alt icon_event\" aria-hidden=\"true\"><\/i>\n\t\t<span class=\"number\">8 Street, San Marcos London, UK<\/span>\n\t<\/div>\n\t                <\/div>\t\n\t            \n                \n<h2 class=\"second_font event_title\">\n\t    <a href=\"https:\/\/www.adsmethod.com\/demolar\/belediye\/3\/event\/doga-yuruyusleri\/\" title=\"Do\u011fa Y\u00fcr\u00fcy\u00fc\u015fleri\">\n    \t\tDo\u011fa Y\u00fcr\u00fcy\u00fc\u015fleri\t\t<\/a>\n\t<\/h2>\n\t\t\t<\/div>\n\n\t\t<\/div>\n\n\t<\/div>\n<\/div>\t\t\t\t\n<div class=\"ovaev-content\">\n\t<div class=\"type1\">\n\n\t\t<div class=\"desc\">\n\t\t\t\n\t<div class=\"event-thumbnail \">\t\n\n\t\t\n<div class=\"date-event\">\n\t<span class=\"date\">08<\/span>\n\t<span class=\"month\">A\u011fu<\/span>\n<\/div>\n\n\n\t\t\t\t<a href=\"https:\/\/www.adsmethod.com\/demolar\/belediye\/3\/event\/yerel-lezzetler-festivali\/\" aria-label=\"Event Thumbnail\">\n\t\t\t\t\t<img loading=\"lazy\" decoding=\"async\" width=\"600\" height=\"400\" src=\"https:\/\/www.adsmethod.com\/demolar\/belediye\/3\/wp-content\/uploads\/2023\/06\/event-02-600x400.jpg\" class=\"attachment-ovaev_event_thumbnail size-ovaev_event_thumbnail wp-post-image\" alt=\"\" srcset=\"https:\/\/www.adsmethod.com\/demolar\/belediye\/3\/wp-content\/uploads\/2023\/06\/event-02-600x400.jpg 600w, https:\/\/www.adsmethod.com\/demolar\/belediye\/3\/wp-content\/uploads\/2023\/06\/event-02-450x300.jpg 450w\" sizes=\"(max-width: 600px) 100vw, 600px\" \/>\t\t\t\t<\/a>\n\t\t\n\t<\/div>\n\n\t\t\t<div class=\"event_post\">\n\n\t\t\t\t\t                <div class=\"meta-event\">\n\t\t\t\t\t    \n<div class=\"time equal-date\">\n\t\n\t<span class=\"icon-time\">\n\t\t<i class=\"fas fa-clock icon_event\" aria-hidden=\"true\"><\/i>\n\t<\/span>\n\t\t  \n\t\t\t<span class=\"time-date-child\">\n\t\t\t<span class=\"date-child\">\n\t\t\t\t08:00 - 18:00\t\t\t<\/span>\n\t\t<\/span>\n\t\n<\/div>\n\t\t\t\t\t    \n\t<div class=\"venue\">\n\t\t<i class=\"fas fa-map-marker-alt icon_event\" aria-hidden=\"true\"><\/i>\n\t\t<span class=\"number\">8 Street, San Marcos London, UK<\/span>\n\t<\/div>\n\t                <\/div>\t\n\t            \n                \n<h2 class=\"second_font event_title\">\n\t    <a href=\"https:\/\/www.adsmethod.com\/demolar\/belediye\/3\/event\/yerel-lezzetler-festivali\/\" title=\"Yerel Lezzetler Festivali\">\n    \t\tYerel Lezzetler Festivali\t\t<\/a>\n\t<\/h2>\n\t\t\t<\/div>\n\n\t\t<\/div>\n\n\t<\/div>\n<\/div>\t\t\t\t\n<div class=\"ovaev-content\">\n\t<div class=\"type1\">\n\n\t\t<div class=\"desc\">\n\t\t\t\n\t<div class=\"event-thumbnail \">\t\n\n\t\t\n<div class=\"date-event\">\n\t<span class=\"date\">25<\/span>\n\t<span class=\"month\">Eki<\/span>\n<\/div>\n\n\n\t\t\t\t<a href=\"https:\/\/www.adsmethod.com\/demolar\/belediye\/3\/event\/sanat-sergileri\/\" aria-label=\"Event Thumbnail\">\n\t\t\t\t\t<img loading=\"lazy\" decoding=\"async\" width=\"600\" height=\"400\" src=\"https:\/\/www.adsmethod.com\/demolar\/belediye\/3\/wp-content\/uploads\/2023\/06\/event-05-600x400.jpg\" class=\"attachment-ovaev_event_thumbnail size-ovaev_event_thumbnail wp-post-image\" alt=\"\" srcset=\"https:\/\/www.adsmethod.com\/demolar\/belediye\/3\/wp-content\/uploads\/2023\/06\/event-05-600x400.jpg 600w, https:\/\/www.adsmethod.com\/demolar\/belediye\/3\/wp-content\/uploads\/2023\/06\/event-05-450x300.jpg 450w\" sizes=\"(max-width: 600px) 100vw, 600px\" \/>\t\t\t\t<\/a>\n\t\t\n\t<\/div>\n\n\t\t\t<div class=\"event_post\">\n\n\t\t\t\t\t                <div class=\"meta-event\">\n\t\t\t\t\t    \n<div class=\"time equal-date\">\n\t\n\t<span class=\"icon-time\">\n\t\t<i class=\"fas fa-clock icon_event\" aria-hidden=\"true\"><\/i>\n\t<\/span>\n\t\t  \n\t\t\t<span class=\"time-date-child\">\n\t\t\t<span class=\"date-child\">\n\t\t\t\tWed\t\t\t<\/span>\n\t\t\t<span>07:00<\/span>\n\t\t<\/span>\n\t\n<\/div>\n\t\t\t\t\t    \n\t<div class=\"venue\">\n\t\t<i class=\"fas fa-map-marker-alt icon_event\" aria-hidden=\"true\"><\/i>\n\t\t<span class=\"number\">8 Street, San Marcos London, UK<\/span>\n\t<\/div>\n\t                <\/div>\t\n\t            \n                \n<h2 class=\"second_font event_title\">\n\t    <a href=\"https:\/\/www.adsmethod.com\/demolar\/belediye\/3\/event\/sanat-sergileri\/\" title=\"Sanat Sergileri\">\n    \t\tSanat Sergileri\t\t<\/a>\n\t<\/h2>\n\t\t\t<\/div>\n\n\t\t<\/div>\n\n\t<\/div>\n<\/div>\t\t\t\t\n<div class=\"ovaev-content\">\n\t<div class=\"type1\">\n\n\t\t<div class=\"desc\">\n\t\t\t\n\t<div class=\"event-thumbnail \">\t\n\n\t\t\n<div class=\"date-event\">\n\t<span class=\"date\">17<\/span>\n\t<span class=\"month\">Tem<\/span>\n<\/div>\n\n\n\t\t\t\t<a href=\"https:\/\/www.adsmethod.com\/demolar\/belediye\/3\/event\/spor-musabakalari\/\" aria-label=\"Event Thumbnail\">\n\t\t\t\t\t<img loading=\"lazy\" decoding=\"async\" width=\"600\" height=\"400\" src=\"https:\/\/www.adsmethod.com\/demolar\/belediye\/3\/wp-content\/uploads\/2023\/06\/event-01-600x400.jpg\" class=\"attachment-ovaev_event_thumbnail size-ovaev_event_thumbnail wp-post-image\" alt=\"\" srcset=\"https:\/\/www.adsmethod.com\/demolar\/belediye\/3\/wp-content\/uploads\/2023\/06\/event-01-600x400.jpg 600w, https:\/\/www.adsmethod.com\/demolar\/belediye\/3\/wp-content\/uploads\/2023\/06\/event-01-450x300.jpg 450w\" sizes=\"(max-width: 600px) 100vw, 600px\" \/>\t\t\t\t<\/a>\n\t\t\n\t<\/div>\n\n\t\t\t<div class=\"event_post\">\n\n\t\t\t\t\t                <div class=\"meta-event\">\n\t\t\t\t\t    \n<div class=\"time equal-date\">\n\t\n\t<span class=\"icon-time\">\n\t\t<i class=\"fas fa-clock icon_event\" aria-hidden=\"true\"><\/i>\n\t<\/span>\n\t\t  \n\t\t\t<span class=\"time-date-child\">\n\t\t\t<span class=\"date-child\">\n\t\t\t\t08:00 - 15:00\t\t\t<\/span>\n\t\t<\/span>\n\t\n<\/div>\n\t\t\t\t\t    \n\t<div class=\"venue\">\n\t\t<i class=\"fas fa-map-marker-alt icon_event\" aria-hidden=\"true\"><\/i>\n\t\t<span class=\"number\">8 Street, San Marcos London, UK<\/span>\n\t<\/div>\n\t                <\/div>\t\n\t            \n                \n<h2 class=\"second_font event_title\">\n\t    <a href=\"https:\/\/www.adsmethod.com\/demolar\/belediye\/3\/event\/spor-musabakalari\/\" title=\"Spor M\u00fcsabakalar\u0131\">\n    \t\tSpor M\u00fcsabakalar\u0131\t\t<\/a>\n\t<\/h2>\n\t\t\t<\/div>\n\n\t\t<\/div>\n\n\t<\/div>\n<\/div>\t\t\t\t\n<div class=\"ovaev-content\">\n\t<div class=\"type1\">\n\n\t\t<div class=\"desc\">\n\t\t\t\n\t<div class=\"event-thumbnail \">\t\n\n\t\t\n<div class=\"date-event\">\n\t<span class=\"date\">18<\/span>\n\t<span class=\"month\">A\u011fu<\/span>\n<\/div>\n\n\n\t\t\t\t<a href=\"https:\/\/www.adsmethod.com\/demolar\/belediye\/3\/event\/kultur-ve-sanat-gunleri\/\" aria-label=\"Event Thumbnail\">\n\t\t\t\t\t<img loading=\"lazy\" decoding=\"async\" width=\"600\" height=\"400\" src=\"https:\/\/www.adsmethod.com\/demolar\/belediye\/3\/wp-content\/uploads\/2023\/04\/pexels-zaksheuskaya-709412-1561020-1-600x400.webp\" class=\"attachment-ovaev_event_thumbnail size-ovaev_event_thumbnail wp-post-image\" alt=\"\" srcset=\"https:\/\/www.adsmethod.com\/demolar\/belediye\/3\/wp-content\/uploads\/2023\/04\/pexels-zaksheuskaya-709412-1561020-1-600x400.webp 600w, https:\/\/www.adsmethod.com\/demolar\/belediye\/3\/wp-content\/uploads\/2023\/04\/pexels-zaksheuskaya-709412-1561020-1-450x300.webp 450w\" sizes=\"(max-width: 600px) 100vw, 600px\" \/>\t\t\t\t<\/a>\n\t\t\n\t<\/div>\n\n\t\t\t<div class=\"event_post\">\n\n\t\t\t\t\t                <div class=\"meta-event\">\n\t\t\t\t\t    \n<div class=\"time equal-date\">\n\t\n\t<span class=\"icon-time\">\n\t\t<i class=\"fas fa-clock icon_event\" aria-hidden=\"true\"><\/i>\n\t<\/span>\n\t\t  \n\t\t\t<span class=\"time-date-child\">\n\t\t\t<span class=\"date-child\">\n\t\t\t\t07:00 - 20:00\t\t\t<\/span>\n\t\t<\/span>\n\t\n<\/div>\n\t\t\t\t\t    \n\t<div class=\"venue\">\n\t\t<i class=\"fas fa-map-marker-alt icon_event\" aria-hidden=\"true\"><\/i>\n\t\t<span class=\"number\">Y\u0131ld\u0131zk\u00f6y, Serin\u015fehir<\/span>\n\t<\/div>\n\t                <\/div>\t\n\t            \n                \n<h2 class=\"second_font event_title\">\n\t    <a href=\"https:\/\/www.adsmethod.com\/demolar\/belediye\/3\/event\/kultur-ve-sanat-gunleri\/\" title=\"K\u00fclt\u00fcr ve Sanat G\u00fcnleri\">\n    \t\tK\u00fclt\u00fcr ve Sanat G\u00fcnleri\t\t<\/a>\n\t<\/h2>\n\t\t\t<\/div>\n\n\t\t<\/div>\n\n\t<\/div>\n<\/div>\t\t\t\t\t\t\t<\/div>\n\n\t    \t<div class=\"title-readmore\">\n\t\t\t\t\t    \t<\/div>\n\t\t\t<div class=\"wrap_loader\">\n\t\t\t\t<svg class=\"loader\" width=\"50\" height=\"50\">\n\t\t\t\t\t<circle cx=\"25\" cy=\"25\" r=\"10\" stroke=\"#a1a1a1\"\/>\n\t\t\t\t\t<circle cx=\"25\" cy=\"25\" r=\"20\" stroke=\"#a1a1a1\"\/>\n\t\t\t\t<\/svg>\n\t\t\t<\/div>\n\t\t<\/div>\n\n\t<\/div>\n\n\t\t<\/div>\n\t\t\t\t<\/div>\n\t\t\t\t\t<\/div>\n\t\t<\/div>\n\t\t\t\t\t<\/div>\n\t\t<\/section>\n\t\t\t\t<section class=\"elementor-section elementor-top-section elementor-element elementor-element-8178027 elementor-section-boxed elementor-section-height-default elementor-section-height-default\" data-id=\"8178027\" data-element_type=\"section\">\n\t\t\t\t\t\t<div class=\"elementor-container elementor-column-gap-default\">\n\t\t\t\t\t<div class=\"elementor-column elementor-col-100 elementor-top-column elementor-element elementor-element-3a26f24\" data-id=\"3a26f24\" data-element_type=\"column\">\n\t\t\t<div class=\"elementor-widget-wrap elementor-element-populated\">\n\t\t\t\t\t\t<div class=\"elementor-element elementor-element-513fafd elementor-widget elementor-widget-gimont_elementor_heading\" data-id=\"513fafd\" data-element_type=\"widget\" data-widget_type=\"gimont_elementor_heading.default\">\n\t\t\t\t<div class=\"elementor-widget-container\">\n\t\t\t\n\t\t\t<div class=\"ova-heading template_1\">\n\t\t\t\t\t\t\t\t\n\t\t\t\t\t\t\t\t\t\t\t\t\t\t\t<h2 class=\"title\">Upcoming Event Element<\/h2>\n\t\t\t\t\t\t\t\t\t\t\n\t\t\t\t\t\t\t\t\n\t\t\t\t\n\t\t\t<\/div>\n\n\t\t\t\t<\/div>\n\t\t\t\t<\/div>\n\t\t\t\t<div class=\"elementor-element elementor-element-e8ee1e4 elementor-widget elementor-widget-ova_events_slide\" data-id=\"e8ee1e4\" data-element_type=\"widget\" data-settings=\"{&quot;pause_on_hover&quot;:&quot;yes&quot;,&quot;infinite&quot;:&quot;yes&quot;,&quot;autoplay&quot;:&quot;yes&quot;,&quot;autoplay_speed&quot;:3000,&quot;dot_control&quot;:&quot;no&quot;,&quot;nav_control&quot;:&quot;yes&quot;}\" data-widget_type=\"ova_events_slide.default\">\n\t\t\t\t<div class=\"elementor-widget-container\">\n\t\t\t\n<div class=\"ovaev-event-element ovaev-event-slide\" >\n\t\t\n\t<div class=\"wp-content ovaev-slide owl-carousel\" data-options=\"{&quot;items&quot;:3,&quot;slideBy&quot;:1,&quot;margin&quot;:30,&quot;autoplayHoverPause&quot;:true,&quot;loop&quot;:true,&quot;autoplay&quot;:true,&quot;autoplayTimeout&quot;:3000,&quot;smartSpeed&quot;:500,&quot;dots&quot;:false,&quot;nav&quot;:true,&quot;rtl&quot;:false}\">\n\t\t\t<\/div>\n\n<\/div>\t\t<\/div>\n\t\t\t\t<\/div>\n\t\t\t\t\t<\/div>\n\t\t<\/div>\n\t\t\t\t\t<\/div>\n\t\t<\/section>\n\t\t\t\t<\/div>\n\t\t","protected":false},"excerpt":{"rendered":"<p>Event Filter Element All Conference Health &amp; Sports Museum 18 Jun 7:00 am &#8211; 8:00 pm Bangkok, Thailand Organizing City Contest 2025 21 Jun 7:00 am &#8211; 8:00 pm Bangkok, Thailand Events for the public in South East Asia 22 Sep 9:00 am &#8211; 4:00 pm 8 Street, San Marcos London, UK Real Entrepreneurship Bootcamp [&hellip;]<\/p>\n","protected":false},"author":1,"featured_media":0,"parent":0,"menu_order":0,"comment_status":"closed","ping_status":"closed","template":"elementor_header_footer","meta":{"footnotes":""},"class_list":["post-4239","page","type-page","status-publish","hentry"],"_links":{"self":[{"href":"https:\/\/www.adsmethod.com\/demolar\/belediye\/3\/wp-json\/wp\/v2\/pages\/4239","targetHints":{"allow":["GET"]}}],"collection":[{"href":"https:\/\/www.adsmethod.com\/demolar\/belediye\/3\/wp-json\/wp\/v2\/pages"}],"about":[{"href":"https:\/\/www.adsmethod.com\/demolar\/belediye\/3\/wp-json\/wp\/v2\/types\/page"}],"author":[{"embeddable":true,"href":"https:\/\/www.adsmethod.com\/demolar\/belediye\/3\/wp-json\/wp\/v2\/users\/1"}],"replies":[{"embeddable":true,"href":"https:\/\/www.adsmethod.com\/demolar\/belediye\/3\/wp-json\/wp\/v2\/comments?post=4239"}],"version-history":[{"count":0,"href":"https:\/\/www.adsmethod.com\/demolar\/belediye\/3\/wp-json\/wp\/v2\/pages\/4239\/revisions"}],"wp:attachment":[{"href":"https:\/\/www.adsmethod.com\/demolar\/belediye\/3\/wp-json\/wp\/v2\/media?parent=4239"}],"curies":[{"name":"wp","href":"https:\/\/api.w.org\/{rel}","templated":true}]}}